.
27
Calculate the remainder when 816 is divided by 433.
383
What is the remainder when 217 is divided by 115?
102
Calculate the remainder when 82 is divided by 36.
10
Calculate the remainder when 48 is divided by 10.
8
What is the remainder when 1147 is divided by 166?
151
What is the remainder when 6487 is divided by 21?
19
What is the remainder when 297 is divided by 51?
42
Calculate the remainder when 170 is divided by 60.
50
Calculate the remainder when 361 is divided by 46.
39
Calculate the remainder when 2317 is divided by 771.
4
What is the remainder when 116 is divided by 9?
8
What is the remainder when 71213 is divided by 143?
142
What is the remainder when 623 is divided by 39?
38
What is the remainder when 207 is divided by 43?
35
What is the remainder when 74 is divided by 37?
0
Calculate the remainder when 97 is divided by 7.
6
Calculate the remainder when 102 is divided by 8.
6
What is the remainder when 228 is divided by 120?
108
What is the remainder when 52 is divided by 8?
4
Calculate the remainder when 4793 is divided by 41.
37
Calculate the remainder when 1754 is divided by 15.
14
What is the remainder when 1200 is divided by 71?
64
Calculate the remainder when 241 is divided by 22.
21
What is the remainder when 575 is divided by 64?
63
Calculate the remainder when 3081 is divided by 123.
6
What is the remainder when 1208 is divided by 121?
119
Calculate the remainder when 822 is divided by 409.
4
What is the remainder when 111 is divided by 46?
19
Calculate the remainder when 498 is divided by 100.
98
What is the remainder when 614 is divided by 184?
62
What is the remainder when 333 is divided by 177?
156
Calculate the remainder when 94 is divided by 4.
2
What is the remainder when 559 is divided by 8?
7
What is the remainder when 14492 is divided by 16?
12
What is the remainder when 44 is divided by 31?
13
What is the remainder when 1661 is divided by 119?
114
What is the remainder when 365 is divided by 61?
60
Calculate the remainder when 103 is divided by 58.
45
Calculate the remainder when 293 is divided by 34.
21
What is the remainder when 499 is divided by 18?
13
What is the remainder when 148 is divided by 38?
34
Calculate the remainder when 2749 is divided by 46.
35
What is the remainder when 103 is divided by 82?
21
Calculate the remainder when 350 is divided by 87.
2
What is the remainder when 1557 is divided by 499?
60
What is the remainder when 188 is divided by 48?
44
What is the remainder when 18 is divided by 13?
5
What is the remainder when 679 is divided by 85?
84
Calculate the remainder when 258 is divided by 87.
84
Calculate the remainder when 3092 is divided by 64.
20
What is the remainder when 13775 is divided by 12?
11
What is the remainder when 445 is divided by 218?
9
Calculate the remainder when 82 is divided by 22.
16
Calculate the remainder when 302 is divided by 174.
128
What is the remainder when 30 is divided by 2?
0
What is the remainder when 72 is divided by 5?
2
Calculate the remainder when 1459 is divided by 368.
355
What is the remainder when 417 is divided by 142?
133
What is the remainder when 116 is divided by 9?
8
What is the remainder when 128 is divided by 15?
8
Calculate the remainder when 594 is divided by 73.
10
Calculate the remainder when 2294 is divided by 254.
8
Calculate the remainder when 85 is divided by 18.
13
Calculate the remainder when 544 is divided by 544.
0
What is the remainder when 244 is divided by 46?
14
Calculate the remainder when 207 is divided by 21.
18
What is the remainder when 7487 is divided by 104?
103
Calculate the remainder when 3665 is divided by 141.
140
Calculate the remainder when 2301 is divided by 12.
9
Calculate the remainder when 682 is divided by 108.
34
Calculate the remainder when 664 is divided by 9.
7
What is the remainder when 298 is divided by 75?
73
What is the remainder when 449 is divided by 117?
98
What is the remainder when 1221 is divided by 12?
9
Calculate the remainder when 202 is divided by 37.
17
Calculate the remainder when 101 is divided by 39.
23
What is the remainder when 880 is divided by 208?
48
Calculate the remainder when 503 is divided by 85.
78
What is the remainder when 200 is divided by 68?
64
Calculate the remainder when 49 is divided by 21.
7
What is the remainder when 364 is divided by 94?
82
What is the remainder when 56 is divided by 15?
11
What is the remainder when 765 is divided by 13?
11
Calculate the remainder when 76 is divided by 48.
28
Calculate the remainder when 419 is divided by 10.
9
Calculate the remainder when 47 is divided by 42.
5
What is the remainder when 935 is divided by 39?
38
Calculate the remainder when 39 is divided by 9.
3
What is the remainder when 291 is divided by 60?
51
Calculate the remainder when 487 is divided by 61.
60
What is the remainder when 279 is divided by 139?
1
What is the remainder when 1223 is divided by 68?
67
What is the remainder when 9998 is divided by 250?
248
Calculate the remainder when 424 is divided by 68.
16
Calculate the remainder when 577 is divided by 67.
41
What is the remainder when 5906 is divided by 38?
16
Calculate the remainder when 81 is divided by 65.
16
Calculate the remainder when 66 is divided by 4.
2
What is the remainder when 242 is divided by 72?
26
What is the remainder when 1019 is divided by 20?
19
What is the remainder when 156 is divided by 17?
3
What is the remainder when 9071 is divided by 162?
161
What is the remainder when 274 is divided by 15?
4
What is the remainder when 181 is divided by 85?
11
Calculate the remainder when 343 is divided by 53.
25
What is the remainder when 69 is divided by 4?
1
Calculate the remainder when 4022 is divided by 23.
20
Calculate the remainder when 467 is divided by 67.
65
What is the remainder when 2216 is divided by 31?
15
What is the remainder when 9218 is divided by 21?
20
What is the remainder when 2702 is divided by 144?
110
Calculate the remainder when 1995 is divided by 18.
15
Calculate the remainder when 12497 is divided by 20.
17
What is the remainder when 2826 is divided by 7?
5
What is the remainder when 7619 is divided by 125?
119
What is the remainder when 801 is divided by 235?
96
What is the remainder when 109 is divided by 32?
13
What is the remainder when 89 is divided by 18?
17
Calculate the remainder when 720 is divided by 169.
44
Calculate the remainder when 89 is divided by 18.
17
Calculate the remainder when 3319 is divided by 473.
8
What is the remainder when 1812 is divided by 442?
44
What is the remainder when 1486 is divided by 48?
46
What is the remainder when 5032 is divided by 41?
30
Calculate the remainder when 2837 is divided by 944.
5
What is the remainder when 153 is divided by 13?
10
What is the remainder when 142 is divided by 18?
16
What is the remainder when 468 is divided by 169?
130
Calculate the remainder when 243 is divided by 41.
38
Calculate the remainder when 119 is divided by 31.
26
Calculate the remainder when 25 is divided by 20.
5
What is the remainder when 537 is divided by 14?
5
Calculate the remainder when 1128 is divided by 291.
255
Calculate the remainder when 41495 is divided by 182.
181
Calculate the remainder when 8 is divided by 2.
0
What is the remainder when 732 is divided by 150?
132
What is the remainder when 79 is divided by 5?
4
Calculate the remainder when 326 is divided by 47.
44
What is the remainder when 73 is divided by 32?
9
What is the remainder when 320 is divided by 105?
5
What is the remainder when 25 is divided by 5?
0
Calculate the remainder when 686 is divided by 672.
14
Calculate the remainder when 42 is divided by 30.
12
What is the remainder when 159 is divided by 43?
30
Calculate the remainder when 58 is divided by 36.
22
What is the remainder when 253 is divided by 65?
58
Calculate the remainder when 32 is divided by 25.
7
What is the remainder when 451 is divided by 222?
7
What is the remainder when 940 is divided by 23?
20
Calculate the remainder when 17674 is divided by 11.
8
What is the remainder when 666 is divided by 141?
102
What is the remainder when 113 is divided by 33?
14
What is the remainder when 846 is divided by 10?
6
Calculate the remainder when 143 is divided by 39.
26
What is the remainder when